s the remainder when g is divided by 25?
23
Suppose -2*g = -6*g + 108. What is the remainder when g is divided by (433 - 453)*-1*4/20?
3
What is the remainder when ((-6)/2)/(27/(-13887)) is divided by 256?
7
Suppose 8 = 647*a - 649*a. What is the remainder when 46 is divided by (36/a - 3)/(-1 - 0)?
10
Let n = -23 - -8. Let k = 1 + n. Let l = -12 - k. Calculate the remainder when 5 is divided by l.
1
Suppose -509 = -3*j - 2*q, 0 = -5*j - 2*q - q + 847. Let p = -165 + j. Calculate the remainder when 3 is divided by p.
1
Let p = -16877 - -18271. Calculate the remainder when p is divided by 23.
14
Suppose -60 = 128*m - 132*m. Calculate the remainder when 51 is divided by ((-2)/6)/(m/(-1305)).
22
Let i(h) = 3*h**3 - 64*h**2 + 38*h - 172. Calculate the remainder when 537 is divided by i(21).
167
Let a = -20128 - -28507. Calculate the remainder when a is divided by 10.
9
Suppose 0 = -3*c - 2*l - l + 552, 0 = -4*c - 5*l + 739. Suppose 16*x - 367 = 37*x - 535. Calculate the remainder when c is divided by x.
5
Suppose -1260*x = -265*x - 13930. Suppose 0 = s + 4*q - 69, -2*s - q = -47 - 91. Calculate the remainder when s is divided by x.
13
Let d(k) = -k**3 - 2*k**2 + 16*k + 70. What is the remainder when 601 is divided by d(-6)?
11
Let y = -6989 + 7045. What is the remainder when 3181 is divided by y?
45
Let j(s) = 11*s + 65. Let o be j(-5). Suppose -126 = -0*q - 7*q. Calculate the remainder when o/(-45) + (-56)/q*-47 is divided by 37.
35
Let r(g) = 45*g - 243. Let y be r(5). Calculate the remainder when 32 is divided by y + 12 - (28 - -1)*-1.
9
Let i be (-82)/(-4)*48 + 2 + 1. Suppose -7*x = 14*x - i. Calculate the remainder when 140 is divided by x.
46
Let v(m) = -2*m**3 - 4*m**2 - 4*m - 1. Let y(g) = 501*g + 9044. Calculate the remainder when v(-6) is divided by y(-18).
25
Suppose -8246 = 2*n - 18*n - 15*n. Calculate the remainder when 625 is divided by n.
93
Let h be 5/((-30)/(-4)) - 3/(-9). Let o be (-3 - (-1)/h) + 3. Calculate the remainder when 58 is divided by 726/36 - (-1)/(o*-6).
18
Let f = 341 - 336. Calculate the remainder when 173 is divided by 1*f - (37 - 87).
8
Let z(x) = x - 2. Let p be z(17). Let v = 49 - p. What is the remainder when v is divided by (-10)/(-35) + (-122)/(-14)?
7
Suppose 2*n + 5 = 7*n, -3*l + 2*n = -40. Let s = 156 + -132. What is the remainder when s is divided by l?
10
Suppose -44*a - 288 = -41*a. Let h = 128 + a. Calculate the remainder when 280 is divided by h.
24
Let w = 87 - 51. Let q(i) = -15*i - 60. Let v be q(-4). Suppose v = -b + 2*t + 97, b + 2*t = 6*b - 525. What is the remainder when b is divided by w?
35
What is the remainder when 293 is divided by (12 - 10) + 15 + 98?
63
Let f(p) = p**3 - p**2 + p. Let m(v) = -3*v**3 - 10*v**2 + 12*v - 9. Let i(d) = -4*f(d) - m(d). Calculate the remainder when i(12) is divided by 27.
24
Let g(c) = -2*c + 1. Let b(l) = 11*l + 73. Let x(r) = b(r) + 5*g(r). Suppose 49 + 11 = 3*y. Calculate the remainder when x(20) is divided by y.
18
Let t(x) = -2*x + 65. Suppose 1353 = -7*s - 26*s. Calculate the remainder when t(s) is divided by 35.
7
Suppose 3*x - 4*m - 88 = 0, -x - 4 = -3*m - 40. What is the remainder when 163 is divided by 1/(((-1)/3)/((-592)/x))?
15
Calculate the remainder when (120834/(-343))/((-3)/7) is divided by 209.
195
Let v = -67 + 87. Suppose 2*q = 3*c + 31 - 7, 5*c + v = 2*q. What is the remainder when q is divided by 8?
7
Let n(g) = -3*g**2 + 64*g - 18. Let i be n(21). Suppose 3*z - 16 = -i*j - 2*z, -5*z = -3*j + 56. Calculate the remainder when j is divided by 2.
0
Suppose 29*f + 509 = 2046. What is the remainder when 227 is divided by f?
15
Let k be (-1 - -7)*21/90*5. Suppose -2 = -8*q + 6*q - 2*r, q - 5*r - k = 0. What is the remainder when 18 is divided by q?
0
Let i be (-7)/(-14)*(-70)/(3 - 4). Suppose -153*o + 154*o = i. Calculate the remainder when o is divided by 6.
5
Let j(l) = -15*l + 77. Let b be j(5). Suppose b*a = 5*c + 251, -4*c - 473 - 11 = -4*a. Calculate the remainder when a is divided by 12.
10
Let j = 143 - 137. Suppose j*g - 544 = -11*g. Calculate the remainder when g is divided by 5.
2
Suppose -3*z + 5*c = z - 255, -c = -4*z + 275. Suppose -372*l + 17758 = 994*l. Calculate the remainder when z is divided by l.
5
Let a = 273 + -191. Let j(i) = i**3 - 63*i**2 + 37*i + 1562. What is the remainder when a is divided by j(62)?
10
Suppose -3*r - 27 + 7 = -5*a, 5*r - 4 = -a. Suppose 18*n - 19*n + 6 = r. Let q = 34 - n. Calculate the remainder when q is divided by 12.
4
Let w = -9 - -32. Calculate the remainder when (-3 + 575/46)*(8 - (-3 + 1)) is divided by w.
3
Let l(c) be the second derivative of -2*c**3/3 - 4*c**2 + 4*c. Let y = -52 + 75. What is the remainder when y is divided by l(-5)?
11
Let q(a) = 47*a**3 + 2398*a**2 + 38*a - 254. Suppose 0*j = 5*j - 295. What is the remainder when q(-51) is divided by j?
55
Suppose 22 = 2*t + 2*k, -2*t + 33 = t + 4*k. Let o(y) = t*y - 12 + 5 - 3 - 13. What is the remainder when o(11) is divided by 34?
30
Let w = -33 - -36. Suppose -8 = w*k - 2, -31 = -b + 4*k. Suppose 0 = -l - 17 + b. What is the remainder when 13 is divided by l?
1
Let u(z) = -z**3 - 9*z**2 + 32*z - 63. Calculate the remainder when u(-19) is divided by 173.
171
Suppose -4*h + 19 = 3. Suppose 0 = -3*m, -h*k - k + 50 = -5*m. Suppose -114 - 34 = -4*n. Calculate the remainder when n is divided by k.
7
Let g = -206 + 386. Let x = -76 + g. What is the remainder when x is divided by 35?
34
Suppose -4*f + 534 + 11 = 5*n, 2*n + 5*f = 235. Calculate the remainder when 943 is divided by n.
103
Let n(b) = 4*b**2 + 62*b + 20. What is the remainder when 316 is divided by n(0)?
16
Let u(k) = 2*k + 17. Let w(o) = o. Let f(m) = -m. Let h(b) = -5*f(b) - 6*w(b). Let p(d) = 3*h(d) + u(d). Calculate the remainder when 11 is divided by p(14).
2
Let z(p) = -p**3 - 6*p**2 - 7. Suppose -m + 0*m = 8. What is the remainder when z(m) is divided by 49 + (-17 - (-7 + -2))?
39
Let y be -8 + (-72)/(-9) - -8. Suppose 1984 + 104 = y*f. What is the remainder when f is divided by 2?
1
Let t = -103 + 193. Let q(p) = -2*p**3 + 70*p**2 + 74*p - 68. Calculate the remainder when t is divided by q(36).
2
Suppose -20*r + 175 = -25*r. Let t = -7 + r. Let k = t + 55. Calculate the remainder when k is divided by 3.
1
Let j(i) = -22*i - 74. Let c(g) = 45*g + 150. Let x(n) = -3*c(n) - 5*j(n). Let y = 24 + -12. What is the remainder when x(-6) is divided by y?
10
Let o be (-2950)/(-110) - 12/(-66). Calculate the remainder when ((-36)/o)/((-1082)/360 + 3) is divided by 19.
12
Let a(y) = -y - 6. Suppose -2*m - 16 = 14. What is the remainder when 13 is divided by a(m)?
4
Let y(p) = p**2 + 2*p - 1. Let v = -1555 - -2652. Suppose 11*j = 124 + v. Calculate the remainder when j is divided by y(4).
19
Let r(q) = 215*q**2 + 106*q - 763. Calculate the remainder when r(6) is divided by 94.
93
Suppose 112*j - 20 = 116*j. What is the remainder when 279 is divided by 14*((-30)/(-4) + j)?
34
Let g = 6 - -55. Let t = -7347 - -7833. Calculate the remainder when t is divided by g.
59
Suppose 3*k - k = 28. Let u(b) = -b**3 + 15*b**2 - 14*b + 1. Let d be u(k). Calculate the remainder when 112 is divided by d + 22 + 2 - 2.
20
Let c be -9*30/1485 - 2336/(-22). Let m(v) = -4*v + 1. Let q be m(10). Let u = c - q. What is the remainder when u is divided by 37?
34
Let b = 264 - 75. Let s = b - 130. Suppose -24 = -2*j - 2*z + 2, 2*z = j - 10. What is the remainder when s is divided by j?
11
Calculate the remainder when 1562/(-2 + (-11 - -15)) is divided by 34.
33
Suppose 137*a - 2079 = -572. What is the remainder when (-14768)/(-91) + 4/(-14) is divided by a?
8
Let z(t) = -t**3 + 9*t**2 - 10*t - 10. Let c be z(8). Let k(a) = a**3 + 25*a**2 - 28*a - 14. What is the remainder when 302 is divided by k(c)?
36
What is the remainder when (-18)/8 + (-1 - -2) + (-366813)/(-1908) is divided by 176?
15
Let j = 52 + -50. Suppose j*n - 4*c = 8 + 28, 5*n - 20 = -4*c. Suppose -n*i + 287 + 161 = 0. What is the remainder when 277 is divided by i?
53
Let x(p) be the second derivative of p**4/12 - p**3/2 - 17*p**2/2 + 79*p. Calculate the remainder when x(7) is divided by 8.
3
Let h = 220 - 50. Let p = h + -122. What is the remainder when 134 is divided by p?
38
Suppose 391 + 289 = 85*y. What is the remainder when 1525 is divid